u be s(3). Let z(l) = 6*l**2 - 2*l + 1 - 4 - 9*l**2. Calculate z(u).
-11
Suppose -5*h = -0*h + 15. Let n = 12 - 11. Let i(t) = -t**2 - 1 - 1 - 6*t - 3 + n. Determine i(h).
5
Let r(b) = -b + 2. Let t(z) = -1. Let p(h) = -r(h) - 4*t(h). Let n be p(0). Let f(u) = -5*u + 4 - 3 - n. What is f(1)?
-6
Let p(n) = -n + 5. Let v be p(4). Let s(k) = 3*k**3 - v - 7*k**2 - 2*k**2 - 4*k**3. Let t be s(-9). Let d(y) = -4*y**3 - y**2 - y. Determine d(t).
4
Let v be 22 + 3*1/3. Let n = 40 - v. Let o = n + -11. Let w(a) = -a + 8. Determine w(o).
2
Suppose 4*r + g = 62, r - 2*g = -6*g + 23. Let j = r - 10. Let w(x) = -j*x + 3*x + x - 1 + 7. What is w(4)?
2
Let b(v) = -v + 1. Let o(d) = -2*d + 2. Let y(p) = 11*b(p) - 6*o(p). Let k be 2*1 + (-42)/((-12)/(-2)). Calculate y(k).
-6
Let d(t) be the second derivative of -t**6/720 + t**4/3 + 4*t. Let h(c) be the third derivative of d(c). What is h(0)?
0
Suppose -3*i = 4*q - 1 - 1, -q + 5 = 3*i. Let x(a) = 2*a**i - 3 - 3*a**2 - a**2 + 5*a. What is x(3)?
-6
Suppose 15 = p + 5*i, -2*i = -4*p - i + 18. Let h(y) = 14*y - 5*y - y**2 - 5*y. What is h(p)?
-5
Suppose -3 = 3*w + x + 2, 5*w + 3*x = -11. Let r be 1 + w + (1 - -1). Suppose 2*o - 4*o - r = 0. Let u(s) = -3*s**2 - s. Determine u(o).
-2
Let c(l) = -l**3 + 6*l**2 - 2. Let f(g) = 13*g - 23. Let k be f(2). Calculate c(k).
25
Let v(d) be the third derivative of d**6/120 - d**4/12 - d**3/6 + 3*d**2. Calculate v(-1).
0
Suppose -8 + 2 = -2*o. Let k(l) = l - o + 0 + 6. Suppose 5*v + 36 = 4*d, v - 2*d - 3*d + 24 = 0. What is k(v)?
-1
Let h(y) be the third derivative of -y**9/60480 + y**8/5040 + y**7/720 - y**6/240 - y**5/20 - 3*y**2. Let r(x) be the third derivative of h(x). What is r(5)?
7
Let p(k) = 7*k**3 - 11*k**2 + 5*k - 4. Let s(d) = -3*d**3 + 5*d**2 - 2*d + 2. Let u(r) = -2*p(r) - 5*s(r). Give u(3).
-2
Let a(n) be the second derivative of 5/2*n**2 + 3/2*n**3 - 4*n + 0 + 1/12*n**4. Calculate a(-6).
-13
Let r(c) = -c - 3. Let h(l) = -1. Let k(v) = -3*h(v) + r(v). Let f(z) = -4*z**2 + z + 1. Let j(w) = -f(w) - 3*k(w). What is j(-2)?
11
Let y be (-1*1)/((-4)/16). Let w(l) = -5*l**2 - 3*l + 9. Let x(a) = -9*a**2 - 6*a + 17. Let q(n) = -11*w(n) + 6*x(n). Determine q(y).
7
Let v = -147 + 147. Let o(x) = x**2 - x + 6. Determine o(v).
6
Let z(x) = 5 + 0 - 4*x - 1 - 3. Let g(s) = -3*s. Let m(y) = 3*g(y) - 2*z(y). Calculate m(-5).
3
Let k(h) be the first derivative of 0*h + 1/12*h**4 - 1/120*h**5 + 0*h**2 - 1 + 1/3*h**3. Let l(t) be the third derivative of k(t). Give l(-5).
7
Let n(t) = 0 - 255*t + 257*t - 4. Determine n(6).
8
Let g(q) = q**3 + 6*q**2 - 2*q + 2. Let b(d) = -2*d**3 - 6*d**2 + d - 1. Let p(z) = 2*b(z) + 3*g(z). Give p(5).
9
Let n(g) = g - 1. Let h(t) = -5*t - 7. Let v(r) = -h(r) - 6*n(r). Give v(0).
13
Let u(s) = -5*s**2 + 13*s - 11. Let p(l) = -4*l**2 + 12*l - 10. Let q(k) = 4*p(k) - 3*u(k). Determine q(6).
11
Let y(h) be the third derivative of h**5/60 + 7*h**4/24 + 5*h**3/6 + 2*h**2. Suppose -2*o = -m - 5*o - 21, -4*m - 39 = 3*o. Determine y(m).
-1
Let z = 30 - 30. Let j(d) = -d**2 + 9. Calculate j(z).
9
Let z(g) = -g**3 + 6*g**2 - 8*g + 7. Suppose 0 = -5*o + o. Suppose -k + o*k = -5. Determine z(k).
-8
Let z(y) = -y**3 + y**2 - 2*y - 1. Suppose -5*n + 2 = -3*f + 3, -3*f + n + 5 = 0. Give z(f).
-9
Let n(c) = c + 5. Suppose 7*h + 18 = h. Calculate n(h).
2
Let l(o) = -o - 1. Suppose 3*p = 4*p + 1. Let b be l(p). Let u(s) = 3*s - 6 + 4 - 2*s - s**2 + s**3 - 4. Determine u(b).
-6
Let n(f) be the second derivative of -f**2 - 4*f + 0 + 1/6*f**3. Suppose -3*g - 3*t + 2 + 4 = 0, -4*g + 4*t - 8 = 0. Give n(g).
-2
Let m be 3 + -3 + 2 + 0. Suppose a = m*a - 2. Let o(n) = 3*n**3 - 2*n**2 - n - 7. Let h(r) = -r**3 + r**2 + 2. Let j(x) = -7*h(x) - 2*o(x). Give j(a).
0
Let t(l) be the third derivative of 0*l + 6*l**2 + 0 - 1/3*l**3 + 1/120*l**6 - 1/8*l**4 + 1/20*l**5. Let x be ((-2)/4)/(1/4). Give t(x).
8
Let z(j) be the second derivative of j**5/20 - 3*j**4/4 + 7*j**3/6 + 5*j**2 - 3*j. What is z(8)?
2
Let f(m) = -m**3 + 6*m**2 - 8*m + 7. Suppose 2*x + 3*x = 65. Let h be (1 - 0) + -1*x. Let z = -7 - h. What is f(z)?
-8
Let r(q) = -q**3 + 5*q**2 + 6*q + 2. Let y be r(6). Let l(b) be the first derivative of 3/2*b**2 - 3*b + 2 - 1/2*b**4 + 1/3*b**3. What is l(y)?
-9
Let g(x) = 37*x + 32*x - 7 - 67*x. Give g(5).
3
Let p be 1*2/2*4. Suppose -3 = -4*k - p*s + 5, s + 10 = 2*k. Let v(x) = 2*x - 1. What is v(k)?
7
Let l(q) = -2*q**3 - q**2 + 2*q. Let w be -1*(1 - 2)*(3 - 1). What is l(w)?
-16
Let d = -1 + 1. Let q = d + 2. Let a(r) = r**2 + q*r**2 - 6*r - 2*r**2. What is a(5)?
-5
Let l(a) = -a**3 - 14*a**2 + 14*a - 15. Let u be l(-15). Suppose u*b - b - 5 = 0. Let x(p) = -p - 3. Calculate x(b).
2
Let s(g) = -g**2 + 5*g - 1. Suppose -9 = -2*i - i. Suppose k = -i*k. Let j = k - -4. Determine s(j).
3
Let c be (-7)/(-4) - 1/(-4). Let v(x) = 7*x**2 - 11 - x**3 + x**c - 9*x**2. What is v(0)?
-11
Let w(j) = j - 1. Let c(o) = 7*o - 9. Let z be (11 - 3)*(-1)/(-2). Let b(g) = z*w(g) - c(g). Let r be 2/(-1)*(-4 - -2). Calculate b(r).
-7
Let f(a) = -a**3 - 3*a**2 - 3*a - 3. Let i(d) = -3*d + 13. Let n be i(9). Let o be 8/(-28) - (-24)/n. What is f(o)?
-1
Suppose -5*j + 0*j - 3*f = -43, 4*j + 3*f = 35. Let a(g) = -g + 7. Give a(j).
-1
Let w(x) = -x**3 + 6*x**2 + 2. Let y be w(6). Suppose 0 = 2*f + 10, f - 11 + 0 = -4*c. Let u(n) = 2 + 7*n**2 - 4*n - c*n**2 - 3*n**y - n**2. What is u(-5)?
-3
Let s(h) be the second derivative of -h**5/4 + h**3/6 - h**2/2 - 14*h. Calculate s(1).
-5
Let m(f) = 1. Let u(t) = 2*t + 9. Let w(k) = 4*m(k) - u(k). What is w(-4)?
3
Let y(g) = -g**3 + 7*g**2 - 6. Let t(m) = -2*m**3 + 7*m**2 - 6. Let c(x) = 2*t(x) - 3*y(x). Give c(-7).
6
Let x(l) = l - 4. Suppose 25 = -4*c + 9, -12 = -2*g + c. Let d = g + -2. Suppose -2*m - d = -10. Give x(m).
0
Let k(d) = -37*d + 3*d**2 + 3 + 40*d + 1 - 1. Let i(m) = -m**2 - 5*m + 4. Let p be i(-6). Calculate k(p).
9
Suppose 5*z = -5*p, 2*z + 2 = -5*p - 10. Let j(a) = a + 1. Determine j(p).
-3
Let v(y) = 5*y**2 + 2*y + 3. Let n(k) = -12*k**2 - 3*k - 7. Let o(b) = -3*n(b) - 7*v(b). Suppose -4*w - 5*q = -12, 6*w - 3*q = 2*w + 12. Give o(w).
-6
Let y(n) be the first derivative of n**4/4 - 11*n**3/3 - 13*n**2/2 + 9*n - 9. What is y(12)?
-3
Suppose 0 = -6*s + 3 - 15. Let t(g) = -2*g. Give t(s).
4
Let l(x) = x**2 + 7*x - 6. Let m = -26 + 19. Give l(m).
-6
Let q(r) = -r**2 + 2*r**2 - 2 + 5 + 7*r. Determine q(-6).
-3
Let t(a) = -4*a**3 - 2*a**2 + 5*a - 2. Let s(l) = -l**3 + l. Let g(r) = -3*s(r) + t(r). Determine g(2).
-14
Let z(n) = 2*n**2 + 4*n + 3. Suppose 0 = 4*v - 4*i + 20, -4*i + 16 = -5*v + 2*v. Let j be v - (-3)/(3/2). Give z(j).
3
Suppose 8 + 4 = 3*i. Let p(w) = i*w + 0 - 5*w - 2. Let h be ((-6)/4)/((-4)/8). Give p(h).
-5
Let m(n) be the third derivative of -n**5/60 - n**4/3 + n**3/6 - 12*n**2. Calculate m(-8).
1
Let w(f) = 2*f - 1. Suppose -2*o = -13 + 7. Determine w(o).
5
Let x(w) = w + 10. Let o(v) be the second derivative of v**4/12 + v**3/6 - 5*v**2/2 - v. Let l be o(0). Let t = l - 0. Calculate x(t).
5
Let r(i) be the second derivative of i**5/20 + 3*i**4/4 + 7*i**3/6 + 3*i**2 - 12*i. Determine r(-8).
14
Let q(w) = -w - 5. Let p be q(-8). Let g(c) = 3*c - 2. Let y(l) = -2*l + 1. Let f(v) = p*g(v) + 4*y(v). Give f(-2).
-4
Let k(v) = v**2 + v - 4. Let b = 6 - 11. Let y = 2 + b. What is k(y)?
2
Let b(o) be the first derivative of 2*o**3/3 + 2*o - 7. Let p(z) = z**2 - 5*z - 4. Let c be p(6). What is b(c)?
10
Suppose 5*o + 10 = 3*k + 3, -o + 25 = -5*k. Let x(z) = z**3 + 7*z**2 + 7*z - 1. Calculate x(k).
-7
Let z(k) be the third derivative of k**6/120 - k**5/15 - k**4/24 - k**3/6 - 3*k**2. What is z(4)?
-5
Let v(r) = -r**2 - 2*r**3 + 1 - 2*r**3 + 2*r**3. Suppose -5*g + c - 3 = -11, 2*g - 3*c - 11 = 0. What is v(g)?
-2
Let t(x) be the first derivative of x**4/4 + 2*x**3/3 - x**2 - 2*x + 13. Calculate t(-2).
2
Let h be 34/6 - 10/15. Let m(j) = -7*j**2 + h - 2*j**3 - 6*j - 1 + j**3. Give m(-6).
4
Suppose 7 - 3 = -4*s. Let j(u) = 13*u**3 + u. Give j(s).
-14
Let l(p) = -p - 7. Let m(n) = 3*n - 18. Let u be m(6). Give l(u).
-7
Let h = 4 - 0. Suppose -l + 5 + 8 = -h*q, 0 = -4*l - 2*q + 16. Let u(y) = 2*y - 5. Determine u(l).
5
Let l(w) be the first derivative of w**4/4 + 5*w**3/3 + 2*w**2 + 6*w + 3. Suppose 3*r + 24 = 12. Calculate l(r).
6
Let j(